CRAN Package Check Results for Package uwot

Last updated on 2021-06-13 06:50:07 CEST.

Flavor Version Tinstall Tcheck Ttotal Status Flags
r-devel-linux-x86_64-debian-clang 0.1.10 63.64 148.57 212.21 NOTE
r-devel-linux-x86_64-debian-gcc 0.1.10 45.13 124.13 169.26 NOTE
r-devel-linux-x86_64-fedora-clang 0.1.10 279.78 NOTE
r-devel-linux-x86_64-fedora-gcc 0.1.10 258.92 NOTE
r-devel-windows-x86_64 0.1.10 79.00 202.00 281.00 NOTE
r-devel-windows-x86_64-gcc10-UCRT 0.1.10 NOTE
r-patched-linux-x86_64 0.1.10 53.20 144.97 198.17 NOTE
r-patched-solaris-x86 0.1.10 337.10 NOTE
r-release-linux-x86_64 0.1.10 58.28 144.18 202.46 NOTE
r-release-macos-arm64 0.1.10 NOTE
r-release-macos-x86_64 0.1.10 NOTE
r-release-windows-ix86+x86_64 0.1.10 115.00 297.00 412.00 NOTE
r-oldrel-macos-x86_64 0.1.10 NOTE
r-oldrel-windows-ix86+x86_64 0.1.10 108.00 335.00 443.00 OK

Check Details

Version: 0.1.10
Check: LazyData
Result: NOTE
     'LazyData' is specified without a 'data' directory
Flavors: r-devel-linux-x86_64-debian-clang, r-devel-linux-x86_64-debian-gcc, r-devel-linux-x86_64-fedora-clang, r-devel-linux-x86_64-fedora-gcc, r-devel-windows-x86_64, r-devel-windows-x86_64-gcc10-UCRT, r-patched-linux-x86_64, r-patched-solaris-x86, r-release-linux-x86_64, r-release-macos-arm64, r-release-macos-x86_64, r-release-windows-ix86+x86_64

Version: 0.1.10
Check: installed package size
Result: NOTE
     installed size is 6.2Mb
     sub-directories of 1Mb or more:
     libs 5.9Mb
Flavors: r-release-macos-arm64, r-release-macos-x86_64, r-oldrel-macos-x86_64