CRAN Package Check Results for Package vICC

Last updated on 2022-06-26 06:50:52 CEST.

Flavor Version Tinstall Tcheck Ttotal Status Flags
r-devel-linux-x86_64-debian-clang 1.0.0 5.80 61.21 67.01 OK
r-devel-linux-x86_64-debian-gcc 1.0.0 5.42 46.00 51.42 OK
r-devel-linux-x86_64-fedora-clang 1.0.0 91.07 NOTE
r-devel-linux-x86_64-fedora-gcc 1.0.0 88.50 NOTE
r-devel-windows-x86_64 1.0.0 17.00 87.00 104.00 OK
r-patched-linux-x86_64 1.0.0 6.50 58.37 64.87 OK
r-release-linux-x86_64 1.0.0 5.57 58.08 63.65 OK
r-release-macos-arm64 1.0.0 33.00 NOTE
r-release-macos-x86_64 1.0.0 43.00 NOTE
r-release-windows-x86_64 1.0.0 16.00 85.00 101.00 OK
r-oldrel-macos-arm64 1.0.0 25.00 NOTE
r-oldrel-macos-x86_64 1.0.0 38.00 NOTE
r-oldrel-windows-ix86+x86_64 1.0.0 17.00 79.00 96.00 OK

Check Details

Version: 1.0.0
Check: dependencies in R code
Result: NOTE
    Namespace in Imports field not imported from: ‘Rdpack’
     All declared Imports should be used.
Flavors: r-devel-linux-x86_64-fedora-clang, r-devel-linux-x86_64-fedora-gcc, r-release-macos-arm64, r-release-macos-x86_64, r-oldrel-macos-arm64, r-oldrel-macos-x86_64