CRAN Package Check Results for Package variantspark

Last updated on 2021-08-04 06:48:58 CEST.

Flavor Version Tinstall Tcheck Ttotal Status Flags
r-devel-linux-x86_64-debian-clang 0.1.1 7.71 57.10 64.81 NOTE
r-devel-linux-x86_64-debian-gcc 0.1.1 6.38 42.19 48.57 NOTE
r-devel-linux-x86_64-fedora-clang 0.1.1 83.35 NOTE
r-devel-linux-x86_64-fedora-gcc 0.1.1 70.99 NOTE
r-devel-windows-x86_64 0.1.1 10.00 82.00 92.00 NOTE
r-devel-windows-x86_64-gcc10-UCRT 0.1.1 NOTE
r-patched-linux-x86_64 0.1.1 7.86 52.90 60.76 NOTE
r-patched-solaris-x86 0.1.1 108.50 NOTE
r-release-linux-x86_64 0.1.1 7.32 53.52 60.84 NOTE
r-release-macos-arm64 0.1.1 NOTE
r-release-macos-x86_64 0.1.1 NOTE
r-release-windows-ix86+x86_64 0.1.1 15.00 57.00 72.00 NOTE
r-oldrel-macos-x86_64 0.1.1 OK
r-oldrel-windows-ix86+x86_64 0.1.1 16.00 80.00 96.00 OK

Check Details

Version: 0.1.1
Check: LazyData
Result: NOTE
     'LazyData' is specified without a 'data' directory
Flavors: r-devel-linux-x86_64-debian-clang, r-devel-linux-x86_64-debian-gcc, r-devel-linux-x86_64-fedora-clang, r-devel-linux-x86_64-fedora-gcc, r-devel-windows-x86_64, r-devel-windows-x86_64-gcc10-UCRT, r-patched-linux-x86_64, r-patched-solaris-x86, r-release-linux-x86_64, r-release-macos-arm64, r-release-macos-x86_64, r-release-windows-ix86+x86_64