CRAN Package Check Results for Package varitas

Last updated on 2024-06-14 06:53:50 CEST.

Flavor Version Tinstall Tcheck Ttotal Status Flags
r-devel-linux-x86_64-debian-clang 0.0.2 5.38 67.35 72.73 NOTE
r-devel-linux-x86_64-debian-gcc 0.0.2 6.13 50.56 56.69 NOTE
r-devel-linux-x86_64-fedora-clang 0.0.2 102.76 NOTE
r-devel-linux-x86_64-fedora-gcc 0.0.2 104.35 NOTE
r-devel-windows-x86_64 0.0.2 8.00 81.00 89.00 NOTE
r-patched-linux-x86_64 0.0.2 9.23 66.29 75.52 NOTE
r-release-linux-x86_64 0.0.2 5.57 65.01 70.58 NOTE
r-release-macos-arm64 0.0.2 35.00 NOTE
r-release-macos-x86_64 0.0.2 55.00 NOTE
r-release-windows-x86_64 0.0.2 9.00 82.00 91.00 NOTE
r-oldrel-macos-arm64 0.0.2 36.00 OK
r-oldrel-macos-x86_64 0.0.2 53.00 OK
r-oldrel-windows-x86_64 0.0.2 11.00 92.00 103.00 OK

Check Details

Version: 0.0.2
Check: Rd files
Result: NOTE checkRd: (-1) get.miniseq.sample.files.Rd:15: Lost braces 15 | \item{file.suffix}{Regex expression for end of file name. For example, `file.suffix = '_S\\d{1,2}_.*_R1_.*'` will match R1 files.1 files.} | ^ Flavors: r-devel-linux-x86_64-debian-clang, r-devel-linux-x86_64-debian-gcc, r-devel-linux-x86_64-fedora-clang, r-devel-linux-x86_64-fedora-gcc, r-devel-windows-x86_64, r-patched-linux-x86_64, r-release-linux-x86_64, r-release-macos-arm64, r-release-macos-x86_64, r-release-windows-x86_64