CRAN Package Check Results for Package vdiffr

Last updated on 2020-12-05 06:51:07 CET.

Flavor Version Tinstall Tcheck Ttotal Status Flags
r-devel-linux-x86_64-debian-clang 0.3.3 41.30 41.58 82.88 OK
r-devel-linux-x86_64-debian-gcc 0.3.3 28.23 34.77 63.00 OK
r-devel-linux-x86_64-fedora-clang 0.3.3 115.58 NOTE
r-devel-linux-x86_64-fedora-gcc 0.3.3 96.22 NOTE
r-devel-windows-ix86+x86_64 0.3.2.1 73.00 88.00 161.00 OK
r-patched-linux-x86_64 0.3.3 36.13 55.80 91.93 OK
r-patched-solaris-x86 0.3.3 133.40 NOTE
r-release-linux-x86_64 0.3.3 34.51 57.06 91.57 OK
r-release-macos-x86_64 0.3.3 NOTE
r-release-windows-ix86+x86_64 0.3.3 70.00 243.00 313.00 OK
r-oldrel-macos-x86_64 0.3.3 NOTE
r-oldrel-windows-ix86+x86_64 0.3.3 84.00 290.00 374.00 OK

Check Details

Version: 0.3.3
Check: dependencies in R code
Result: NOTE
    Namespace in Imports field not imported from: ‘freetypeharfbuzz’
     All declared Imports should be used.
Flavors: r-devel-linux-x86_64-fedora-clang, r-devel-linux-x86_64-fedora-gcc, r-patched-solaris-x86, r-release-macos-x86_64, r-oldrel-macos-x86_64