CRAN Package Check Results for Package veccompare

Last updated on 2024-06-18 07:04:10 CEST.

Flavor Version Tinstall Tcheck Ttotal Status Flags
r-devel-linux-x86_64-debian-clang 0.1.0 2.85 35.72 38.57 OK
r-devel-linux-x86_64-debian-gcc 0.1.0 2.54 26.97 29.51 OK
r-devel-linux-x86_64-fedora-clang 0.1.0 50.98 NOTE
r-devel-linux-x86_64-fedora-gcc 0.1.0 45.84 NOTE
r-devel-windows-x86_64 0.1.0 5.00 50.00 55.00 OK
r-patched-linux-x86_64 0.1.0 2.18 34.12 36.30 OK
r-release-linux-x86_64 0.1.0 2.06 33.45 35.51 OK
r-release-macos-arm64 0.1.0 20.00 OK
r-release-macos-x86_64 0.1.0 32.00 OK
r-release-windows-x86_64 0.1.0 4.00 51.00 55.00 OK
r-oldrel-macos-arm64 0.1.0 22.00 OK
r-oldrel-macos-x86_64 0.1.0 28.00 OK
r-oldrel-windows-x86_64 0.1.0 5.00 55.00 60.00 OK

Check Details

Version: 0.1.0
Check: dependencies in R code
Result: NOTE Namespace in Imports field not imported from: ‘pander’ All declared Imports should be used. Flavors: r-devel-linux-x86_64-fedora-clang, r-devel-linux-x86_64-fedora-gcc