CRAN Package Check Results for Package vegawidget

Last updated on 2020-12-04 06:47:03 CET.

Flavor Version Tinstall Tcheck Ttotal Status Flags
r-devel-linux-x86_64-debian-clang 0.3.1 4.89 41.38 46.27 OK
r-devel-linux-x86_64-debian-gcc 0.3.1 3.81 34.51 38.32 OK
r-devel-linux-x86_64-fedora-clang 0.3.1 61.82 OK
r-devel-linux-x86_64-fedora-gcc 0.3.1 50.04 OK
r-devel-windows-ix86+x86_64 0.3.1 8.00 63.00 71.00 OK
r-patched-linux-x86_64 0.3.1 4.16 40.62 44.78 OK
r-patched-solaris-x86 0.3.1 74.60 NOTE
r-release-linux-x86_64 0.3.1 4.55 39.42 43.97 OK
r-release-macos-x86_64 0.3.1 OK
r-release-windows-ix86+x86_64 0.3.1 7.00 50.00 57.00 OK
r-oldrel-macos-x86_64 0.3.1 OK
r-oldrel-windows-ix86+x86_64 0.3.1 6.00 54.00 60.00 OK

Check Details

Version: 0.3.1
Check: package dependencies
Result: NOTE
    Package suggested but not available for checking: ‘rsvg’
Flavor: r-patched-solaris-x86