CRAN Package Check Results for Package vegtable

Last updated on 2022-01-27 06:48:51 CET.

Flavor Version Tinstall Tcheck Ttotal Status Flags
r-devel-linux-x86_64-debian-clang 0.1.7 11.65 128.78 140.43 OK
r-devel-linux-x86_64-debian-gcc 0.1.7 10.41 97.64 108.05 OK
r-devel-linux-x86_64-fedora-clang 0.1.7 157.16 NOTE
r-devel-linux-x86_64-fedora-gcc 0.1.7 146.71 NOTE
r-devel-windows-x86_64-new-UL 0.1.7 130.00 144.00 274.00 OK
r-devel-windows-x86_64-new-TK 0.1.7 NOTE
r-patched-linux-x86_64 0.1.7 18.71 116.18 134.89 OK
r-release-linux-x86_64 0.1.7 11.85 114.16 126.01 OK
r-release-macos-arm64 0.1.7 NOTE
r-release-macos-x86_64 0.1.7 NOTE
r-release-windows-ix86+x86_64 0.1.7 27.00 131.00 158.00 OK
r-oldrel-macos-x86_64 0.1.7 NOTE
r-oldrel-windows-ix86+x86_64 0.1.7 28.00 139.00 167.00 OK

Check Details

Version: 0.1.7
Check: dependencies in R code
Result: NOTE
    Namespace in Imports field not imported from: ‘knitr’
     All declared Imports should be used.
Flavors: r-devel-linux-x86_64-fedora-clang, r-devel-linux-x86_64-fedora-gcc, r-devel-windows-x86_64-new-TK, r-release-macos-arm64, r-release-macos-x86_64, r-oldrel-macos-x86_64

Version: 0.1.7
Check: Rd cross-references
Result: NOTE
    Undeclared package ‘stringdist’ in Rd xrefs
Flavor: r-devel-linux-x86_64-fedora-clang

Version: 0.1.7
Check: data for non-ASCII characters
Result: NOTE
     Note: found 128 marked UTF-8 strings
Flavors: r-devel-linux-x86_64-fedora-clang, r-devel-linux-x86_64-fedora-gcc, r-devel-windows-x86_64-new-TK, r-release-macos-arm64, r-release-macos-x86_64, r-oldrel-macos-x86_64