CRAN Package Check Results for Package vertexenum

Last updated on 2022-10-04 07:50:03 CEST.

Flavor Version Tinstall Tcheck Ttotal Status Flags
r-devel-linux-x86_64-debian-clang 1.0.2 4.66 21.17 25.83 OK
r-devel-linux-x86_64-debian-gcc 1.0.2 4.12 16.68 20.80 WARN
r-devel-linux-x86_64-fedora-clang 1.0.2 43.92 OK
r-devel-linux-x86_64-fedora-gcc 1.0.2 43.80 WARN
r-devel-windows-x86_64 1.0.2 16.00 52.00 68.00 WARN
r-patched-linux-x86_64 1.0.2 4.58 20.70 25.28 OK
r-release-linux-x86_64 1.0.2 4.17 20.30 24.47 OK
r-release-macos-arm64 1.0.2 15.00 OK
r-release-macos-x86_64 1.0.2 21.00 OK
r-release-windows-x86_64 1.0.2 16.00 47.00 63.00 OK
r-oldrel-macos-arm64 1.0.2 19.00 OK
r-oldrel-macos-x86_64 1.0.2 29.00 OK
r-oldrel-windows-ix86+x86_64 1.0.2 15.00 51.00 66.00 OK

Check Details

Version: 1.0.2
Check: whether package can be installed
Result: WARN
    Found the following significant warnings:
     lrslib.c:1644:34: warning: format ‘%ld’ expects argument of type ‘long int *’, but argument 3 has type ‘long unsigned int *’ [-Wformat=]
Flavors: r-devel-linux-x86_64-debian-gcc, r-devel-linux-x86_64-fedora-gcc

Version: 1.0.2
Check: whether package can be installed
Result: WARN
    Found the following significant warnings:
     lrslib.c:1644:27: warning: format '%ld' expects argument of type 'long int *', but argument 3 has type 'long unsigned int *' [-Wformat=]
Flavor: r-devel-windows-x86_64