Last updated on 2023-03-27 06:50:24 CEST.
Flavor | Version | Tinstall | Tcheck | Ttotal | Status | Flags |
---|---|---|---|---|---|---|
r-devel-linux-x86_64-debian-clang | 1.4.0 | 11.68 | 97.08 | 108.76 | NOTE | |
r-devel-linux-x86_64-debian-gcc | 1.4.0 | 8.60 | 76.10 | 84.70 | NOTE | |
r-devel-linux-x86_64-fedora-clang | 1.4.0 | 136.56 | NOTE | |||
r-devel-linux-x86_64-fedora-gcc | 1.4.0 | 131.56 | NOTE | |||
r-patched-linux-x86_64 | 1.4.0 | 10.90 | 94.33 | 105.23 | NOTE | |
r-release-linux-x86_64 | 1.4.0 | 9.68 | 94.13 | 103.81 | NOTE | |
r-release-macos-arm64 | 1.4.0 | 37.00 | NOTE | |||
r-release-macos-x86_64 | 1.4.0 | 54.00 | NOTE | |||
r-release-windows-x86_64 | 1.4.0 | 24.00 | 136.00 | 160.00 | NOTE | |
r-oldrel-macos-arm64 | 1.4.0 | 42.00 | NOTE | |||
r-oldrel-macos-x86_64 | 1.4.0 | 74.00 | NOTE | |||
r-oldrel-windows-ix86+x86_64 | 1.4.0 | 25.00 | 123.00 | 148.00 | NOTE |
Version: 1.4.0
Check: LazyData
Result: NOTE
'LazyData' is specified without a 'data' directory
Flavors: r-devel-linux-x86_64-debian-clang, r-devel-linux-x86_64-debian-gcc, r-devel-linux-x86_64-fedora-clang, r-devel-linux-x86_64-fedora-gcc, r-patched-linux-x86_64, r-release-linux-x86_64, r-release-macos-arm64, r-release-macos-x86_64, r-release-windows-x86_64, r-oldrel-macos-arm64, r-oldrel-macos-x86_64, r-oldrel-windows-ix86+x86_64