CRAN Package Check Results for Package vhica

Last updated on 2022-06-26 06:50:52 CEST.

Flavor Version Tinstall Tcheck Ttotal Status Flags
r-devel-linux-x86_64-debian-clang 0.2.7 3.22 35.50 38.72 OK
r-devel-linux-x86_64-debian-gcc 0.2.7 2.73 27.57 30.30 OK
r-devel-linux-x86_64-fedora-clang 0.2.7 60.72 NOTE
r-devel-linux-x86_64-fedora-gcc 0.2.7 56.09 NOTE
r-devel-windows-x86_64 0.2.7 15.00 57.00 72.00 OK
r-patched-linux-x86_64 0.2.7 3.00 34.64 37.64 OK
r-release-linux-x86_64 0.2.7 2.61 34.48 37.09 OK
r-release-macos-arm64 0.2.7 19.00 OK
r-release-macos-x86_64 0.2.7 26.00 OK
r-release-windows-x86_64 0.2.7 15.00 54.00 69.00 OK
r-oldrel-macos-arm64 0.2.7 20.00 OK
r-oldrel-macos-x86_64 0.2.7 35.00 OK
r-oldrel-windows-ix86+x86_64 0.2.7 7.00 50.00 57.00 OK

Check Details

Version: 0.2.7
Check: package dependencies
Result: NOTE
    Suggests orphaned package: ‘gtools’
Flavors: r-devel-linux-x86_64-fedora-clang, r-devel-linux-x86_64-fedora-gcc