CRAN Package Check Results for Package vietnamcode

Last updated on 2022-01-26 06:50:33 CET.

Flavor Version Tinstall Tcheck Ttotal Status Flags
r-devel-linux-x86_64-debian-clang 0.1.1 1.72 29.80 31.52 OK
r-devel-linux-x86_64-debian-gcc 0.1.1 1.36 24.14 25.50 OK
r-devel-linux-x86_64-fedora-clang 0.1.1 39.10 NOTE
r-devel-linux-x86_64-fedora-gcc 0.1.1 28.85 NOTE
r-devel-windows-x86_64-new-UL 0.1.1 28.00 48.00 76.00 OK
r-devel-windows-x86_64-new-TK 0.1.1 NOTE
r-patched-linux-x86_64 0.1.1 1.74 28.74 30.48 OK
r-release-linux-x86_64 0.1.1 1.79 28.92 30.71 OK
r-release-macos-arm64 0.1.1 NOTE
r-release-macos-x86_64 0.1.1 NOTE
r-release-windows-ix86+x86_64 0.1.1 5.00 39.00 44.00 OK
r-oldrel-macos-x86_64 0.1.1 NOTE
r-oldrel-windows-ix86+x86_64 0.1.1 4.00 39.00 43.00 OK

Check Details

Version: 0.1.1
Check: data for non-ASCII characters
Result: NOTE
     Note: found 60 marked UTF-8 strings
Flavors: r-devel-linux-x86_64-fedora-clang, r-devel-linux-x86_64-fedora-gcc, r-devel-windows-x86_64-new-TK, r-release-macos-arm64, r-release-macos-x86_64, r-oldrel-macos-x86_64