CRAN Package Check Results for Package vietnameseConverter

Last updated on 2022-01-23 07:14:17 CET.

Flavor Version Tinstall Tcheck Ttotal Status Flags
r-devel-linux-x86_64-debian-clang 0.4.0 4.30 70.18 74.48 OK
r-devel-linux-x86_64-debian-gcc 0.4.0 3.81 59.17 62.98 OK
r-devel-linux-x86_64-fedora-clang 0.4.0 92.52 NOTE
r-devel-linux-x86_64-fedora-gcc 0.4.0 79.25 NOTE
r-devel-windows-x86_64-new-UL 0.4.0 42.00 89.00 131.00 OK
r-devel-windows-x86_64-new-TK 0.4.0 NOTE
r-patched-linux-x86_64 0.4.0 4.55 65.63 70.18 OK
r-release-linux-x86_64 0.4.0 4.55 65.43 69.98 OK
r-release-macos-arm64 0.4.0 NOTE
r-release-macos-x86_64 0.4.0 NOTE
r-release-windows-ix86+x86_64 0.4.0 14.00 74.00 88.00 OK
r-oldrel-macos-x86_64 0.4.0 NOTE
r-oldrel-windows-ix86+x86_64 0.4.0 13.00 79.00 92.00 OK

Check Details

Version: 0.4.0
Check: data for non-ASCII characters
Result: NOTE
     Note: found 468 marked UTF-8 strings
Flavors: r-devel-linux-x86_64-fedora-clang, r-devel-linux-x86_64-fedora-gcc, r-devel-windows-x86_64-new-TK, r-release-macos-arm64, r-release-macos-x86_64, r-oldrel-macos-x86_64