Last updated on 2023-03-27 06:50:24 CEST.
Flavor | Version | Tinstall | Tcheck | Ttotal | Status | Flags |
---|---|---|---|---|---|---|
r-devel-linux-x86_64-debian-clang | 0.1.1 | 2.11 | 21.46 | 23.57 | NOTE | |
r-devel-linux-x86_64-debian-gcc | 0.1.1 | 1.56 | 17.18 | 18.74 | NOTE | |
r-devel-linux-x86_64-fedora-clang | 0.1.1 | 30.43 | NOTE | |||
r-devel-linux-x86_64-fedora-gcc | 0.1.1 | 28.47 | NOTE | |||
r-patched-linux-x86_64 | 0.1.1 | 2.38 | 20.89 | 23.27 | NOTE | |
r-release-linux-x86_64 | 0.1.1 | 1.57 | 21.97 | 23.54 | NOTE | |
r-release-macos-arm64 | 0.1.1 | 13.00 | NOTE | |||
r-release-macos-x86_64 | 0.1.1 | 20.00 | NOTE | |||
r-release-windows-x86_64 | 0.1.1 | 17.00 | 56.00 | 73.00 | NOTE | |
r-oldrel-macos-arm64 | 0.1.1 | 19.00 | NOTE | |||
r-oldrel-macos-x86_64 | 0.1.1 | 20.00 | NOTE | |||
r-oldrel-windows-ix86+x86_64 | 0.1.1 | 6.00 | 47.00 | 53.00 | NOTE |
Version: 0.1.1
Check: LazyData
Result: NOTE
'LazyData' is specified without a 'data' directory
Flavors: r-devel-linux-x86_64-debian-clang, r-devel-linux-x86_64-debian-gcc, r-devel-linux-x86_64-fedora-clang, r-devel-linux-x86_64-fedora-gcc, r-patched-linux-x86_64, r-release-linux-x86_64, r-release-macos-arm64, r-release-macos-x86_64, r-release-windows-x86_64, r-oldrel-macos-arm64, r-oldrel-macos-x86_64, r-oldrel-windows-ix86+x86_64