CRAN Package Check Results for Package viridisLite

Last updated on 2024-04-23 06:57:20 CEST.

Flavor Version Tinstall Tcheck Ttotal Status Flags
r-devel-linux-x86_64-debian-clang 0.4.2 1.66 26.56 28.22 NOTE
r-devel-linux-x86_64-debian-gcc 0.4.2 1.05 20.28 21.33 NOTE
r-devel-linux-x86_64-fedora-clang 0.4.2 36.30 NOTE
r-devel-linux-x86_64-fedora-gcc 0.4.2 33.94 NOTE
r-prerel-macos-arm64 0.4.2 16.00 ERROR
r-prerel-windows-x86_64 0.4.2 3.00 42.00 45.00 NOTE
r-patched-linux-x86_64 0.4.2 1.67 24.72 26.39 NOTE
r-release-linux-x86_64 0.4.2 1.45 25.73 27.18 OK
r-release-macos-arm64 0.4.2 26.00 OK
r-release-macos-x86_64 0.4.2 45.00 OK
r-release-windows-x86_64 0.4.2 4.00 42.00 46.00 OK
r-oldrel-macos-arm64 0.4.2 27.00 OK
r-oldrel-windows-x86_64 0.4.2 4.00 61.00 65.00 OK

Check Details

Version: 0.4.2
Check: Rd files
Result: NOTE checkRd: (-1) viridis.Rd:50: Lost braces in \itemize; meant \describe ? checkRd: (-1) viridis.Rd:51: Lost braces in \itemize; meant \describe ? checkRd: (-1) viridis.Rd:52: Lost braces in \itemize; meant \describe ? checkRd: (-1) viridis.Rd:53: Lost braces in \itemize; meant \describe ? checkRd: (-1) viridis.Rd:54: Lost braces in \itemize; meant \describe ? checkRd: (-1) viridis.Rd:55: Lost braces in \itemize; meant \describe ? checkRd: (-1) viridis.Rd:56: Lost braces in \itemize; meant \describe ? checkRd: (-1) viridis.Rd:57: Lost braces in \itemize; meant \describe ? checkRd: (-1) viridis.map.Rd:24-30: Lost braces in \itemize; meant \describe ? checkRd: (-1) viridis.map.Rd:31-34: Lost braces in \itemize; meant \describe ? checkRd: (-1) viridis.map.Rd:35: Lost braces in \itemize; meant \describe ? checkRd: (-1) viridis.map.Rd:36-37: Lost braces in \itemize; meant \describe ? checkRd: (-1) viridis.map.Rd:10: Lost braces in \itemize; meant \describe ? checkRd: (-1) viridis.map.Rd:11: Lost braces in \itemize; meant \describe ? checkRd: (-1) viridis.map.Rd:12: Lost braces in \itemize; meant \describe ? checkRd: (-1) viridis.map.Rd:13-14: Lost braces in \itemize; meant \describe ? checkRd: (-1) viridis.map.Rd:42: Lost braces in \itemize; meant \describe ? checkRd: (-1) viridis.map.Rd:43: Lost braces in \itemize; meant \describe ? checkRd: (-1) viridis.map.Rd:44: Lost braces in \itemize; meant \describe ? checkRd: (-1) viridis.map.Rd:45: Lost braces in \itemize; meant \describe ? Flavors: r-devel-linux-x86_64-debian-clang, r-devel-linux-x86_64-debian-gcc, r-devel-linux-x86_64-fedora-clang, r-devel-linux-x86_64-fedora-gcc, r-prerel-macos-arm64, r-prerel-windows-x86_64, r-patched-linux-x86_64

Version: 0.4.2
Check: examples
Result: ERROR Running examples in ‘viridisLite-Ex.R’ failed The error most likely occurred in: > ### Name: viridis > ### Title: Viridis Color Palettes > ### Aliases: viridis viridisMap magma inferno plasma cividis rocket mako > ### turbo > > ### ** Examples > > library(ggplot2) > library(hexbin) > > dat <- data.frame(x = rnorm(10000), y = rnorm(10000)) > > ggplot(dat, aes(x = x, y = y)) + + geom_hex() + coord_fixed() + + scale_fill_gradientn(colours = viridis(256, option = "D")) Error in loadNamespace(x) : there is no package called ‘farver’ Calls: scale_fill_gradientn ... loadNamespace -> withRestarts -> withOneRestart -> doWithOneRestart Execution halted Flavor: r-prerel-macos-arm64