Last updated on 2023-03-28 06:51:33 CEST.
Flavor | Version | Tinstall | Tcheck | Ttotal | Status | Flags |
---|---|---|---|---|---|---|
r-devel-linux-x86_64-debian-clang | 1.0.1 | 23.72 | 123.67 | 147.39 | OK | |
r-devel-linux-x86_64-debian-gcc | 1.0.1 | 21.72 | 90.00 | 111.72 | OK | |
r-devel-linux-x86_64-fedora-clang | 1.0.1 | 178.44 | NOTE | |||
r-devel-linux-x86_64-fedora-gcc | 1.0.1 | 170.96 | OK | |||
r-patched-linux-x86_64 | 1.0.1 | 29.38 | 115.27 | 144.65 | OK | |
r-release-linux-x86_64 | 1.0.1 | 17.43 | 116.62 | 134.05 | OK | |
r-release-macos-arm64 | 1.0.1 | 68.00 | NOTE | |||
r-release-macos-x86_64 | 1.0.1 | 122.00 | NOTE | |||
r-release-windows-x86_64 | 1.0.1 | 184.00 | 143.00 | 327.00 | NOTE | |
r-oldrel-macos-arm64 | 1.0.1 | 73.00 | NOTE | |||
r-oldrel-macos-x86_64 | 1.0.1 | 88.00 | NOTE | |||
r-oldrel-windows-ix86+x86_64 | 1.0.1 | 46.00 | 148.00 | 194.00 | NOTE |
Version: 1.0.1
Check: installed package size
Result: NOTE
installed size is 6.0Mb
sub-directories of 1Mb or more:
data 5.7Mb
Flavors: r-devel-linux-x86_64-fedora-clang, r-release-macos-arm64, r-release-macos-x86_64, r-release-windows-x86_64, r-oldrel-macos-arm64, r-oldrel-macos-x86_64, r-oldrel-windows-ix86+x86_64