CRAN Package Check Results for Package visvow

Last updated on 2021-01-20 06:47:04 CET.

Flavor Version Tinstall Tcheck Ttotal Status Flags
r-devel-linux-x86_64-debian-clang 1.1.1 21.13 152.33 173.46 OK
r-devel-linux-x86_64-debian-gcc 1.1.1 16.78 111.61 128.39 OK
r-devel-linux-x86_64-fedora-clang 1.1.1 230.16 NOTE
r-devel-linux-x86_64-fedora-gcc 1.1.1 204.62 OK
r-devel-windows-ix86+x86_64 1.1.1 27.00 126.00 153.00 OK
r-patched-linux-x86_64 1.1.1 20.57 137.81 158.38 OK
r-patched-solaris-x86 1.1.1 253.30 OK
r-release-linux-x86_64 1.1.1 20.48 137.45 157.93 OK
r-release-macos-x86_64 1.1.1 OK
r-release-windows-ix86+x86_64 1.1.1 4.00 6.00 10.00 ERROR
r-oldrel-macos-x86_64 1.1.1 OK
r-oldrel-windows-ix86+x86_64 1.1.1 22.00 104.00 126.00 OK

Check Details

Version: 1.1.1
Check: package dependencies
Result: NOTE
    Imports includes 21 non-default packages.
    Importing from so many packages makes the package vulnerable to any of
    them becoming unavailable. Move as many as possible to Suggests and
    use conditionally.
Flavor: r-devel-linux-x86_64-fedora-clang

Version: 1.1.1
Check: whether package can be installed
Result: ERROR
    Installation failed.
Flavor: r-release-windows-ix86+x86_64