CRAN Package Check Results for Package vita

Last updated on 2021-01-19 06:51:20 CET.

Flavor Version Tinstall Tcheck Ttotal Status Flags
r-devel-linux-x86_64-debian-clang 1.0.0 29.29 41.65 70.94 OK
r-devel-linux-x86_64-debian-gcc 1.0.0 20.68 33.54 54.22 OK
r-devel-linux-x86_64-fedora-clang 1.0.0 111.15 NOTE
r-devel-linux-x86_64-fedora-gcc 1.0.0 91.55 NOTE
r-devel-windows-ix86+x86_64 1.0.0 62.00 84.00 146.00 OK
r-patched-linux-x86_64 1.0.0 24.32 39.68 64.00 OK
r-patched-solaris-x86 1.0.0 112.20 OK
r-release-linux-x86_64 1.0.0 25.38 40.73 66.11 OK
r-release-macos-x86_64 1.0.0 OK
r-release-windows-ix86+x86_64 1.0.0 61.00 86.00 147.00 OK
r-oldrel-macos-x86_64 1.0.0 OK
r-oldrel-windows-ix86+x86_64 1.0.0 47.00 74.00 121.00 OK

Check Details

Version: 1.0.0
Check: compiled code
Result: NOTE
    File ‘vita/libs/vita.so’:
     Found no calls to: ‘R_registerRoutines’, ‘R_useDynamicSymbols’
    
    It is good practice to register native routines and to disable symbol
    search.
    
    See ‘Writing portable packages’ in the ‘Writing R Extensions’ manual.
Flavors: r-devel-linux-x86_64-fedora-clang, r-devel-linux-x86_64-fedora-gcc