CRAN Package Check Results for Package vitae

Last updated on 2020-09-27 06:46:48 CEST.

Flavor Version Tinstall Tcheck Ttotal Status Flags
r-devel-linux-x86_64-debian-clang 0.2.2 4.53 42.66 47.19 OK
r-devel-linux-x86_64-debian-gcc 0.2.2 3.69 33.27 36.96 OK
r-devel-linux-x86_64-fedora-clang 0.2.2 69.18 NOTE
r-devel-linux-x86_64-fedora-gcc 0.2.2 56.95 OK
r-devel-windows-ix86+x86_64 0.2.2 12.00 63.00 75.00 OK
r-patched-linux-x86_64 0.2.2 4.72 40.64 45.36 OK
r-patched-solaris-x86 0.2.2 77.50 OK
r-release-linux-x86_64 0.2.2 4.69 41.65 46.34 OK
r-release-macos-x86_64 0.2.2 OK
r-release-windows-ix86+x86_64 0.2.2 29.00 67.00 96.00 OK
r-oldrel-macos-x86_64 0.2.2 OK
r-oldrel-windows-ix86+x86_64 0.2.2 9.00 61.00 70.00 OK

Check Details

Version: 0.2.2
Check: package dependencies
Result: NOTE
    Suggests orphaned package: ‘bibtex’
Flavor: r-devel-linux-x86_64-fedora-clang