CRAN Package Check Results for Package vstdct

Last updated on 2025-01-23 07:50:34 CET.

Flavor Version Tinstall Tcheck Ttotal Status Flags
r-devel-linux-x86_64-debian-clang 0.2 2.57 23.81 26.38 NOTE
r-devel-linux-x86_64-debian-gcc 0.2 1.93 18.30 20.23 NOTE
r-devel-linux-x86_64-fedora-clang 0.2 43.37 NOTE
r-devel-linux-x86_64-fedora-gcc 0.2 40.97 NOTE
r-devel-windows-x86_64 0.2 3.00 46.00 49.00 NOTE
r-patched-linux-x86_64 0.2 2.65 23.05 25.70 NOTE
r-release-linux-x86_64 0.2 1.84 22.85 24.69 NOTE
r-release-macos-arm64 0.2 16.00 NOTE
r-release-macos-x86_64 0.2 24.00 NOTE
r-release-windows-x86_64 0.2 4.00 45.00 49.00 NOTE
r-oldrel-macos-arm64 0.2 17.00 OK
r-oldrel-macos-x86_64 0.2 38.00 OK
r-oldrel-windows-x86_64 0.2 5.00 48.00 53.00 OK

Check Details

Version: 0.2
Check: Rd files
Result: NOTE checkRd: (-1) Data-Examples.Rd:39: Lost braces in \itemize; meant \describe ? checkRd: (-1) Data-Examples.Rd:40: Lost braces in \itemize; meant \describe ? checkRd: (-1) Data-Examples.Rd:41: Lost braces in \itemize; meant \describe ? checkRd: (-1) Data-Examples.Rd:30: Lost braces in \itemize; \value handles \item{}{} directly checkRd: (-1) Data-Examples.Rd:31: Lost braces in \itemize; \value handles \item{}{} directly checkRd: (-1) Data-Examples.Rd:32: Lost braces in \itemize; \value handles \item{}{} directly checkRd: (-1) Data.trafo.Rd:19: Lost braces in \itemize; \value handles \item{}{} directly checkRd: (-1) Data.trafo.Rd:20: Lost braces in \itemize; \value handles \item{}{} directly checkRd: (-1) Data.trafo.Rd:21: Lost braces in \itemize; \value handles \item{}{} directly checkRd: (-1) Toep.estimator.Rd:23: Lost braces in \itemize; \value handles \item{}{} directly checkRd: (-1) Toep.estimator.Rd:24: Lost braces in \itemize; \value handles \item{}{} directly checkRd: (-1) Toep.estimator.Rd:25: Lost braces in \itemize; \value handles \item{}{} directly checkRd: (-1) Toep.estimator.Rd:26: Lost braces in \itemize; \value handles \item{}{} directly checkRd: (-1) aquaporin.Rd:10: Lost braces in \itemize; meant \describe ? Flavors: r-devel-linux-x86_64-debian-clang, r-devel-linux-x86_64-debian-gcc, r-devel-linux-x86_64-fedora-clang, r-devel-linux-x86_64-fedora-gcc, r-devel-windows-x86_64, r-patched-linux-x86_64, r-release-linux-x86_64, r-release-macos-arm64, r-release-macos-x86_64, r-release-windows-x86_64