CRAN Package Check Results for Package wal

Last updated on 2022-01-23 07:14:18 CET.

Flavor Version Tinstall Tcheck Ttotal Status Flags
r-devel-linux-x86_64-debian-clang 0.1.0 5.23 68.49 73.72 NOTE
r-devel-linux-x86_64-debian-gcc 0.1.0 4.00 55.81 59.81 NOTE
r-devel-linux-x86_64-fedora-clang 0.1.0 88.01 NOTE
r-devel-linux-x86_64-fedora-gcc 0.1.0 77.28 NOTE
r-devel-windows-x86_64-new-UL 0.1.0 45.00 96.00 141.00 NOTE
r-devel-windows-x86_64-new-TK 0.1.0 NOTE
r-patched-linux-x86_64 0.1.0 4.82 65.68 70.50 NOTE
r-release-linux-x86_64 0.1.0 4.24 66.44 70.68 NOTE
r-release-macos-arm64 0.1.0 NOTE
r-release-macos-x86_64 0.1.0 NOTE
r-release-windows-ix86+x86_64 0.1.0 11.00 82.00 93.00 NOTE
r-oldrel-macos-x86_64 0.1.0 OK
r-oldrel-windows-ix86+x86_64 0.1.0 9.00 83.00 92.00 OK

Check Details

Version: 0.1.0
Check: LazyData
Result: NOTE
     'LazyData' is specified without a 'data' directory
Flavors: r-devel-linux-x86_64-debian-clang, r-devel-linux-x86_64-debian-gcc, r-devel-linux-x86_64-fedora-clang, r-devel-linux-x86_64-fedora-gcc, r-devel-windows-x86_64-new-UL, r-devel-windows-x86_64-new-TK, r-patched-linux-x86_64, r-release-linux-x86_64, r-release-macos-arm64, r-release-macos-x86_64, r-release-windows-ix86+x86_64