CRAN Package Check Results for Package warabandi

Last updated on 2022-10-04 07:50:03 CEST.

Flavor Version Tinstall Tcheck Ttotal Status Flags
r-devel-linux-x86_64-debian-clang 0.1.0 2.58 31.04 33.62 OK
r-devel-linux-x86_64-debian-gcc 0.1.0 1.90 23.90 25.80 OK
r-devel-linux-x86_64-fedora-clang 0.1.0 55.39 NOTE
r-devel-linux-x86_64-fedora-gcc 0.1.0 52.56 NOTE
r-devel-windows-x86_64 0.1.0 8.00 63.00 71.00 OK
r-patched-linux-x86_64 0.1.0 2.32 29.86 32.18 OK
r-release-linux-x86_64 0.1.0 2.23 29.47 31.70 OK
r-release-macos-arm64 0.1.0 19.00 NOTE
r-release-macos-x86_64 0.1.0 25.00 NOTE
r-release-windows-x86_64 0.1.0 15.00 61.00 76.00 OK
r-oldrel-macos-arm64 0.1.0 20.00 NOTE
r-oldrel-macos-x86_64 0.1.0 23.00 NOTE
r-oldrel-windows-ix86+x86_64 0.1.0 8.00 56.00 64.00 OK

Check Details

Version: 0.1.0
Check: dependencies in R code
Result: NOTE
    Namespace in Imports field not imported from: ‘flextable’
     All declared Imports should be used.
Flavors: r-devel-linux-x86_64-fedora-clang, r-devel-linux-x86_64-fedora-gcc, r-release-macos-arm64, r-release-macos-x86_64, r-oldrel-macos-arm64, r-oldrel-macos-x86_64