CRAN Package Check Results for Package warp

Last updated on 2022-01-25 06:48:52 CET.

Flavor Version Tinstall Tcheck Ttotal Status Flags
r-devel-linux-x86_64-debian-clang 0.2.0 5.13 60.14 65.27 NOTE
r-devel-linux-x86_64-debian-gcc 0.2.0 3.49 46.67 50.16 NOTE
r-devel-linux-x86_64-fedora-clang 0.2.0 80.90 NOTE
r-devel-linux-x86_64-fedora-gcc 0.2.0 70.00 NOTE
r-devel-windows-x86_64-new-UL 0.2.0 36.00 80.00 116.00 NOTE
r-devel-windows-x86_64-new-TK 0.2.0 NOTE
r-patched-linux-x86_64 0.2.0 4.31 57.94 62.25 NOTE
r-release-linux-x86_64 0.2.0 4.44 56.98 61.42 NOTE
r-release-macos-arm64 0.2.0 NOTE
r-release-macos-x86_64 0.2.0 NOTE
r-release-windows-ix86+x86_64 0.2.0 18.00 124.00 142.00 NOTE
r-oldrel-macos-x86_64 0.2.0 OK
r-oldrel-windows-ix86+x86_64 0.2.0 18.00 123.00 141.00 OK

Check Details

Version: 0.2.0
Check: LazyData
Result: NOTE
     'LazyData' is specified without a 'data' directory
Flavors: r-devel-linux-x86_64-debian-clang, r-devel-linux-x86_64-debian-gcc, r-devel-linux-x86_64-fedora-clang, r-devel-linux-x86_64-fedora-gcc, r-devel-windows-x86_64-new-UL, r-devel-windows-x86_64-new-TK, r-patched-linux-x86_64, r-release-linux-x86_64, r-release-macos-arm64, r-release-macos-x86_64, r-release-windows-ix86+x86_64