Last updated on 2023-03-30 06:53:41 CEST.
Flavor | Version | Tinstall | Tcheck | Ttotal | Status | Flags |
---|---|---|---|---|---|---|
r-devel-linux-x86_64-debian-clang | 0.2.4 | 22.46 | 534.88 | 557.34 | OK | |
r-devel-linux-x86_64-debian-gcc | 0.2.4 | 19.09 | 389.10 | 408.19 | OK | |
r-devel-linux-x86_64-fedora-clang | 0.2.4 | 687.15 | OK | |||
r-devel-linux-x86_64-fedora-gcc | 0.2.4 | 680.64 | OK | |||
r-patched-linux-x86_64 | 0.2.4 | 19.66 | 503.77 | 523.43 | OK | |
r-release-linux-x86_64 | 0.2.4 | 19.23 | 499.14 | 518.37 | OK | |
r-release-macos-arm64 | 0.2.4 | 221.00 | OK | |||
r-release-macos-x86_64 | 0.2.4 | 379.00 | OK | |||
r-release-windows-x86_64 | 0.2.4 | 35.00 | 527.00 | 562.00 | OK | |
r-oldrel-macos-arm64 | 0.2.4 | 177.00 | OK | |||
r-oldrel-macos-x86_64 | 0.2.4 | 239.00 | OK | |||
r-oldrel-windows-ix86+x86_64 | 0.2.4 | 55.00 | 601.00 | 656.00 | NOTE |
Version: 0.2.4
Check: R code for possible problems
Result: NOTE
Initiating curl with CURL_SSL_BACKEND: openssl
Flavor: r-oldrel-windows-ix86+x86_64