CRAN Package Check Results for Package wbsd

Last updated on 2021-06-21 06:49:29 CEST.

Flavor Version Tinstall Tcheck Ttotal Status Flags
r-devel-linux-x86_64-debian-clang 1.0.0 47.98 30.24 78.22 OK
r-devel-linux-x86_64-debian-gcc 1.0.0 30.72 24.44 55.16 OK
r-devel-linux-x86_64-fedora-clang 1.0.0 112.33 NOTE
r-devel-linux-x86_64-fedora-gcc 1.0.0 92.64 OK
r-devel-windows-x86_64 1.0.0 53.00 62.00 115.00 OK
r-devel-windows-x86_64-gcc10-UCRT 1.0.0 OK
r-patched-linux-x86_64 1.0.0 34.19 30.04 64.23 OK
r-patched-solaris-x86 1.0.0 93.60 OK
r-release-linux-x86_64 1.0.0 37.45 30.31 67.76 OK
r-release-macos-arm64 1.0.0 NOTE
r-release-macos-x86_64 1.0.0 NOTE
r-release-windows-ix86+x86_64 1.0.0 100.00 63.00 163.00 OK
r-oldrel-macos-x86_64 1.0.0 NOTE
r-oldrel-windows-ix86+x86_64 1.0.0 72.00 0.00 72.00 OK

Check Details

Version: 1.0.0
Check: installed package size
Result: NOTE
     installed size is 5.3Mb
     sub-directories of 1Mb or more:
     libs 5.2Mb
Flavors: r-devel-linux-x86_64-fedora-clang, r-release-macos-arm64, r-release-macos-x86_64, r-oldrel-macos-x86_64