CRAN Package Check Results for Package wbstats

Last updated on 2022-09-30 07:51:33 CEST.

Flavor Version Tinstall Tcheck Ttotal Status Flags
r-devel-linux-x86_64-debian-clang 1.0.4 8.22 53.48 61.70 OK
r-devel-linux-x86_64-debian-gcc 1.0.4 5.89 40.59 46.48 OK
r-devel-linux-x86_64-fedora-clang 1.0.4 86.55 NOTE
r-devel-linux-x86_64-fedora-gcc 1.0.4 80.33 NOTE
r-devel-windows-x86_64 1.0.4 30.00 92.00 122.00 OK
r-patched-linux-x86_64 1.0.4 8.02 49.57 57.59 OK
r-release-linux-x86_64 1.0.4 4.80 48.53 53.33 OK
r-release-macos-arm64 1.0.4 28.00 NOTE
r-release-macos-x86_64 1.0.4 45.00 NOTE
r-release-windows-x86_64 1.0.4 19.00 91.00 110.00 OK
r-oldrel-macos-arm64 1.0.4 30.00 NOTE
r-oldrel-macos-x86_64 1.0.4 42.00 NOTE
r-oldrel-windows-ix86+x86_64 1.0.4 15.00 78.00 93.00 OK

Check Details

Version: 1.0.4
Check: data for non-ASCII characters
Result: NOTE
     Note: found 3133 marked UTF-8 strings
Flavors: r-devel-linux-x86_64-fedora-clang, r-devel-linux-x86_64-fedora-gcc, r-release-macos-arm64, r-release-macos-x86_64, r-oldrel-macos-arm64, r-oldrel-macos-x86_64