CRAN Package Check Results for Package wdm

Last updated on 2021-06-16 06:49:30 CEST.

Flavor Version Tinstall Tcheck Ttotal Status Flags
r-devel-linux-x86_64-debian-clang 0.2.2 28.99 44.61 73.60 NOTE
r-devel-linux-x86_64-debian-gcc 0.2.2 17.72 34.01 51.73 NOTE
r-devel-linux-x86_64-fedora-clang 0.2.2 95.94 NOTE
r-devel-linux-x86_64-fedora-gcc 0.2.2 83.49 NOTE
r-devel-windows-x86_64 0.2.2 30.00 74.00 104.00 NOTE
r-devel-windows-x86_64-gcc10-UCRT 0.2.2 NOTE
r-patched-linux-x86_64 0.2.2 23.85 44.55 68.40 NOTE
r-patched-solaris-x86 0.2.2 96.00 NOTE
r-release-linux-x86_64 0.2.2 24.19 43.19 67.38 NOTE
r-release-macos-arm64 0.2.2 NOTE
r-release-macos-x86_64 0.2.2 NOTE
r-release-windows-ix86+x86_64 0.2.2 55.00 105.00 160.00 NOTE
r-oldrel-macos-x86_64 0.2.2 OK
r-oldrel-windows-ix86+x86_64 0.2.2 40.00 114.00 154.00 OK

Check Details

Version: 0.2.2
Check: LazyData
Result: NOTE
     'LazyData' is specified without a 'data' directory
Flavors: r-devel-linux-x86_64-debian-clang, r-devel-linux-x86_64-debian-gcc, r-devel-linux-x86_64-fedora-clang, r-devel-linux-x86_64-fedora-gcc, r-devel-windows-x86_64, r-devel-windows-x86_64-gcc10-UCRT, r-patched-linux-x86_64, r-patched-solaris-x86, r-release-linux-x86_64, r-release-macos-arm64, r-release-macos-x86_64, r-release-windows-ix86+x86_64