Last updated on 2023-06-01 06:58:50 CEST.
Flavor | Version | Tinstall | Tcheck | Ttotal | Status | Flags |
---|---|---|---|---|---|---|
r-devel-linux-x86_64-debian-clang | 0.1.4 | 8.32 | 73.83 | 82.15 | OK | |
r-devel-linux-x86_64-debian-gcc | 0.1.4 | 6.58 | 55.01 | 61.59 | OK | |
r-devel-linux-x86_64-fedora-clang | 0.1.4 | 100.22 | NOTE | |||
r-devel-linux-x86_64-fedora-gcc | 0.1.4 | 105.66 | NOTE | |||
r-devel-windows-x86_64 | 0.1.4 | 9.00 | 76.00 | 85.00 | OK | |
r-patched-linux-x86_64 | 0.1.4 | OK | ||||
r-release-linux-x86_64 | 0.1.4 | 5.07 | 68.67 | 73.74 | OK | |
r-release-macos-arm64 | 0.1.4 | 40.00 | OK | |||
r-release-macos-x86_64 | 0.1.4 | 60.00 | OK | |||
r-release-windows-x86_64 | 0.1.4 | 11.00 | 86.00 | 97.00 | OK | |
r-oldrel-macos-arm64 | 0.1.4 | 32.00 | NOTE | |||
r-oldrel-macos-x86_64 | 0.1.4 | 43.00 | NOTE | |||
r-oldrel-windows-x86_64 | 0.1.4 | 11.00 | 92.00 | 103.00 | OK |
Version: 0.1.4
Check: dependencies in R code
Result: NOTE
Namespaces in Imports field not imported from:
‘ggplot2’ ‘httr’ ‘jsonlite’
All declared Imports should be used.
Flavors: r-devel-linux-x86_64-fedora-clang, r-devel-linux-x86_64-fedora-gcc, r-oldrel-macos-arm64, r-oldrel-macos-x86_64