CRAN Package Check Results for Package wdpar

Last updated on 2021-11-29 06:48:47 CET.

Flavor Version Tinstall Tcheck Ttotal Status Flags
r-devel-linux-x86_64-debian-clang 1.3.1 OK
r-devel-linux-x86_64-debian-gcc 1.3.1 4.44 51.28 55.72 OK
r-devel-linux-x86_64-fedora-clang 1.3.1 106.12 NOTE
r-devel-linux-x86_64-fedora-gcc 1.3.1 87.28 NOTE
r-devel-windows-x86_64-new-UL 1.3.1 14.00 111.00 125.00 OK
r-devel-windows-x86_64-new-TK 1.3.1 NOTE
r-devel-windows-x86_64-old 1.3.1 8.00 90.00 98.00 OK
r-patched-linux-x86_64 1.3.1 5.34 63.28 68.62 OK
r-patched-solaris-x86 1.3.1 130.50 NOTE
r-release-linux-x86_64 1.3.1 5.54 63.43 68.97 OK
r-release-macos-arm64 1.3.1 NOTE
r-release-macos-x86_64 1.3.1 NOTE
r-release-windows-ix86+x86_64 1.3.1 16.00 68.00 84.00 OK
r-oldrel-macos-x86_64 1.3.1 NOTE
r-oldrel-windows-ix86+x86_64 1.3.1 27.00 86.00 113.00 OK

Check Details

Version: 1.3.1
Check: dependencies in R code
Result: NOTE
    Namespace in Imports field not imported from: ‘withr’
     All declared Imports should be used.
Flavors: r-devel-linux-x86_64-fedora-clang, r-devel-linux-x86_64-fedora-gcc, r-devel-windows-x86_64-new-TK, r-patched-solaris-x86, r-release-macos-arm64, r-release-macos-x86_64, r-oldrel-macos-x86_64