CRAN Package Check Results for Package webSDM

Last updated on 2024-06-20 06:57:28 CEST.

Flavor Version Tinstall Tcheck Ttotal Status Flags
r-devel-linux-x86_64-debian-clang 1.1-4 47.56 641.78 689.34 NOTE
r-devel-linux-x86_64-debian-gcc 1.1-4 36.00 461.27 497.27 NOTE
r-devel-linux-x86_64-fedora-clang 1.1-4 622.98 NOTE
r-devel-linux-x86_64-fedora-gcc 1.1-4 867.84 NOTE
r-devel-windows-x86_64 1.1-4 39.00 388.00 427.00 NOTE
r-patched-linux-x86_64 1.1-4 45.96 631.69 677.65 NOTE
r-release-linux-x86_64 1.1-4 46.64 619.81 666.45 NOTE
r-release-macos-arm64 1.1-4 184.00 NOTE
r-release-macos-x86_64 1.1-4 298.00 NOTE
r-release-windows-x86_64 1.1-4 37.00 397.00 434.00 NOTE
r-oldrel-macos-arm64 1.1-4 211.00 OK
r-oldrel-macos-x86_64 1.1-4 391.00 OK
r-oldrel-windows-x86_64 1.1-4 42.00 514.00 556.00 OK

Check Details

Version: 1.1-4
Check: Rd files
Result: NOTE checkRd: (-1) predict.SDMfit.Rd:23: Lost braces in \itemize; \value handles \item{}{} directly checkRd: (-1) predict.SDMfit.Rd:24: Lost braces in \itemize; \value handles \item{}{} directly Flavors: r-devel-linux-x86_64-debian-clang, r-devel-linux-x86_64-debian-gcc, r-devel-linux-x86_64-fedora-clang, r-devel-linux-x86_64-fedora-gcc, r-devel-windows-x86_64, r-patched-linux-x86_64, r-release-linux-x86_64, r-release-macos-arm64, r-release-macos-x86_64, r-release-windows-x86_64