CRAN Package Check Results for Package webdav

Last updated on 2025-01-22 07:50:42 CET.

Flavor Version Tinstall Tcheck Ttotal Status Flags
r-devel-linux-x86_64-debian-clang 0.1.3 5.09 44.87 49.96 OK
r-devel-linux-x86_64-debian-gcc 0.1.3 3.87 33.74 37.61 ERROR
r-devel-linux-x86_64-fedora-clang 0.1.3 86.47 OK
r-devel-linux-x86_64-fedora-gcc 0.1.3 88.87 OK
r-devel-windows-x86_64 0.1.3 6.00 76.00 82.00 OK
r-patched-linux-x86_64 0.1.3 4.71 42.89 47.60 OK
r-release-linux-x86_64 0.1.3 4.59 43.07 47.66 OK
r-release-macos-arm64 0.1.3 66.00 OK
r-release-macos-x86_64 0.1.3 74.00 OK
r-release-windows-x86_64 0.1.3 7.00 74.00 81.00 OK
r-oldrel-macos-arm64 0.1.3 55.00 OK
r-oldrel-macos-x86_64 0.1.3 86.00 OK
r-oldrel-windows-x86_64 0.1.3 7.00 91.00 98.00 OK

Check Details

Version: 0.1.3
Check: examples
Result: ERROR Running examples in ‘webdav-Ex.R’ failed The error most likely occurred in: > base::assign(".ptime", proc.time(), pos = "CheckExEnv") > ### Name: webdav_create_directory > ### Title: Create a collection (directory) on a WebDAV server > ### Aliases: webdav_create_directory > > ### ** Examples > > > # Example usage with a public WebDAV server. > # Visit test_server$url link to view the results of the operation. > library(magrittr) > library(httr2) > test_server <- "https://www.webdavserver.com/" %>% + request() %>% + req_retry(max_tries = 3, max_seconds = 4, backoff = ~ 1) %>% + req_perform() %>% + try(silent = TRUE) > > # Create a directory on the WebDAV server > if (class(test_server) != "try-error") + webdav_create_directory(base_url = test_server$url, folder_path = "Test_Folder", verbose = TRUE) Folder path to create: Test_Folder Base URL: https://www.webdavserver.com/User86c6ca2/Test_Folder Username: Not provided Request object created successfully. No authentication added. Error during directory creation: Failed to perform HTTP request. Error in value[[3L]](cond) : Failed to create directory. Calls: webdav_create_directory ... tryCatch -> tryCatchList -> tryCatchOne -> <Anonymous> Execution halted Flavor: r-devel-linux-x86_64-debian-gcc