CRAN Package Check Results for Package webdriver

Last updated on 2021-12-02 06:49:23 CET.

Flavor Version Tinstall Tcheck Ttotal Status Flags
r-devel-linux-x86_64-debian-clang 1.0.6 4.71 31.67 36.38 NOTE
r-devel-linux-x86_64-debian-gcc 1.0.6 3.99 24.49 28.48 NOTE
r-devel-linux-x86_64-fedora-clang 1.0.6 58.17 NOTE
r-devel-linux-x86_64-fedora-gcc 1.0.6 44.70 NOTE
r-devel-windows-x86_64-new-UL 1.0.6 13.00 65.00 78.00 NOTE
r-devel-windows-x86_64-new-TK 1.0.6 NOTE
r-devel-windows-x86_64-old 1.0.6 9.00 36.00 45.00 NOTE
r-patched-linux-x86_64 1.0.6 5.36 29.60 34.96 NOTE
r-patched-solaris-x86 1.0.6 67.70 NOTE
r-release-linux-x86_64 1.0.6 5.35 29.75 35.10 NOTE
r-release-macos-arm64 1.0.6 NOTE
r-release-macos-x86_64 1.0.6 NOTE
r-release-windows-ix86+x86_64 1.0.6 12.00 47.00 59.00 NOTE
r-oldrel-macos-x86_64 1.0.6 OK
r-oldrel-windows-ix86+x86_64 1.0.6 11.00 47.00 58.00 OK

Check Details

Version: 1.0.6
Check: LazyData
Result: NOTE
     'LazyData' is specified without a 'data' directory
Flavors: r-devel-linux-x86_64-debian-clang, r-devel-linux-x86_64-debian-gcc, r-devel-linux-x86_64-fedora-clang, r-devel-linux-x86_64-fedora-gcc, r-devel-windows-x86_64-new-UL, r-devel-windows-x86_64-new-TK, r-devel-windows-x86_64-old, r-patched-linux-x86_64, r-patched-solaris-x86, r-release-linux-x86_64, r-release-macos-arm64, r-release-macos-x86_64, r-release-windows-ix86+x86_64