CRAN Package Check Results for Package webmockr

Last updated on 2021-12-05 06:48:59 CET.

Flavor Version Tinstall Tcheck Ttotal Status Flags
r-devel-linux-x86_64-debian-clang 0.8.0 16.30 57.27 73.57 NOTE
r-devel-linux-x86_64-debian-gcc 0.8.0 12.39 45.05 57.44 NOTE
r-devel-linux-x86_64-fedora-clang 0.8.0 96.61 NOTE
r-devel-linux-x86_64-fedora-gcc 0.8.0 78.47 NOTE
r-devel-windows-x86_64-new-UL 0.8.0 30.00 86.00 116.00 NOTE
r-devel-windows-x86_64-new-TK 0.8.0 NOTE
r-devel-windows-x86_64-old 0.8.0 23.00 54.00 77.00 NOTE
r-patched-linux-x86_64 0.8.0 15.71 46.37 62.08 NOTE
r-release-linux-x86_64 0.8.0 12.05 54.59 66.64 NOTE
r-release-macos-arm64 0.8.0 NOTE
r-release-macos-x86_64 0.8.0 NOTE
r-release-windows-ix86+x86_64 0.8.0 26.00 69.00 95.00 NOTE
r-oldrel-macos-x86_64 0.8.0 OK
r-oldrel-windows-ix86+x86_64 0.8.0 25.00 70.00 95.00 OK

Check Details

Version: 0.8.0
Check: LazyData
Result: NOTE
     'LazyData' is specified without a 'data' directory
Flavors: r-devel-linux-x86_64-debian-clang, r-devel-linux-x86_64-debian-gcc, r-devel-linux-x86_64-fedora-clang, r-devel-linux-x86_64-fedora-gcc, r-devel-windows-x86_64-new-UL, r-devel-windows-x86_64-new-TK, r-devel-windows-x86_64-old, r-patched-linux-x86_64, r-release-linux-x86_64, r-release-macos-arm64, r-release-macos-x86_64, r-release-windows-ix86+x86_64