CRAN Package Check Results for Package widgetframe

Last updated on 2022-08-08 06:54:18 CEST.

Flavor Version Tinstall Tcheck Ttotal Status Flags
r-devel-linux-x86_64-debian-clang 0.3.1 2.55 33.53 36.08 NOTE
r-devel-linux-x86_64-debian-gcc 0.3.1 2.20 26.63 28.83 NOTE
r-devel-linux-x86_64-fedora-clang 0.3.1 55.52 NOTE
r-devel-linux-x86_64-fedora-gcc 0.3.1 53.73 NOTE
r-devel-windows-x86_64 0.3.1 16.00 64.00 80.00 NOTE
r-patched-linux-x86_64 0.3.1 3.22 32.77 35.99 NOTE
r-release-linux-x86_64 0.3.1 NOTE
r-release-macos-arm64 0.3.1 19.00 NOTE
r-release-macos-x86_64 0.3.1 28.00 NOTE
r-release-windows-x86_64 0.3.1 30.00 64.00 94.00 NOTE
r-oldrel-macos-arm64 0.3.1 24.00 NOTE
r-oldrel-macos-x86_64 0.3.1 32.00 NOTE
r-oldrel-windows-ix86+x86_64 0.3.1 8.00 54.00 62.00 NOTE

Check Details

Version: 0.3.1
Check: LazyData
Result: NOTE
     'LazyData' is specified without a 'data' directory
Flavors: r-devel-linux-x86_64-debian-clang, r-devel-linux-x86_64-debian-gcc, r-devel-linux-x86_64-fedora-clang, r-devel-linux-x86_64-fedora-gcc, r-devel-windows-x86_64, r-patched-linux-x86_64, r-release-linux-x86_64, r-release-macos-arm64, r-release-macos-x86_64, r-release-windows-x86_64, r-oldrel-macos-arm64, r-oldrel-macos-x86_64, r-oldrel-windows-ix86+x86_64