CRAN Package Check Results for Package widgetframe

Last updated on 2024-06-13 06:58:23 CEST.

Flavor Version Tinstall Tcheck Ttotal Status Flags
r-devel-linux-x86_64-debian-clang 0.3.1 2.58 36.21 38.79 NOTE
r-devel-linux-x86_64-debian-gcc 0.3.1 0.32 1.79 2.11 ERROR
r-devel-linux-x86_64-fedora-clang 0.3.1 52.08 NOTE
r-devel-linux-x86_64-fedora-gcc 0.3.1 64.20 NOTE
r-devel-windows-x86_64 0.3.1 4.00 51.00 55.00 NOTE
r-patched-linux-x86_64 0.3.1 2.63 35.78 38.41 NOTE
r-release-linux-x86_64 0.3.1 3.18 35.94 39.12 NOTE
r-release-macos-arm64 0.3.1 26.00 NOTE
r-release-macos-x86_64 0.3.1 39.00 NOTE
r-release-windows-x86_64 0.3.1 5.00 51.00 56.00 NOTE
r-oldrel-macos-arm64 0.3.1 28.00 NOTE
r-oldrel-macos-x86_64 0.3.1 38.00 NOTE
r-oldrel-windows-x86_64 0.3.1 5.00 51.00 56.00 NOTE

Check Details

Version: 0.3.1
Check: LazyData
Result: NOTE 'LazyData' is specified without a 'data' directory Flavors: r-devel-linux-x86_64-debian-clang, r-devel-linux-x86_64-fedora-clang, r-devel-linux-x86_64-fedora-gcc, r-devel-windows-x86_64, r-patched-linux-x86_64, r-release-linux-x86_64, r-release-macos-arm64, r-release-macos-x86_64, r-release-windows-x86_64, r-oldrel-macos-arm64, r-oldrel-macos-x86_64, r-oldrel-windows-x86_64

Version: 0.3.1
Check: package dependencies
Result: ERROR Package required but not available: ‘purrr’ See section ‘The DESCRIPTION file’ in the ‘Writing R Extensions’ manual. Flavor: r-devel-linux-x86_64-debian-gcc