CRAN Package Check Results for Package wingen

Last updated on 2024-06-13 06:58:23 CEST.

Flavor Version Tinstall Tcheck Ttotal Status Flags
r-devel-linux-x86_64-debian-clang 2.1.2 6.48 681.30 687.78 OK
r-devel-linux-x86_64-debian-gcc 2.1.2 1.01 1.91 2.92 ERROR
r-devel-linux-x86_64-fedora-clang 2.1.2 952.63 OK
r-devel-linux-x86_64-fedora-gcc 2.1.2 950.83 OK
r-devel-windows-x86_64 2.1.2 6.00 561.00 567.00 OK
r-patched-linux-x86_64 2.1.2 7.13 647.08 654.21 OK
r-release-linux-x86_64 2.1.2 4.19 652.77 656.96 OK
r-release-macos-arm64 2.1.2 296.00 OK
r-release-macos-x86_64 2.1.2 507.00 OK
r-release-windows-x86_64 2.1.2 8.00 585.00 593.00 OK
r-oldrel-macos-arm64 2.1.2 324.00 OK
r-oldrel-macos-x86_64 2.1.2 712.00 OK
r-oldrel-windows-x86_64 2.1.2 9.00 752.00 761.00 OK

Check Details

Version: 2.1.2
Check: package dependencies
Result: ERROR Packages required but not available: 'automap', 'dplyr', 'furrr', 'gdistance', 'ggplot2', 'hierfstat', 'purrr', 'tidyr', 'tidyselect', 'vcfR', 'viridis' Packages suggested but not available for checking: 'adegenet', 'devtools', 'stringr', 'SpatialKDE', 'testthat' See section ‘The DESCRIPTION file’ in the ‘Writing R Extensions’ manual. Flavor: r-devel-linux-x86_64-debian-gcc