CRAN Package Check Results for Package withr

Last updated on 2021-05-09 06:47:16 CEST.

Flavor Version Tinstall Tcheck Ttotal Status Flags
r-devel-linux-x86_64-debian-clang 2.4.2 2.00 39.97 41.97 OK
r-devel-linux-x86_64-debian-gcc 2.4.2 1.80 30.87 32.67 OK
r-devel-linux-x86_64-fedora-clang 2.4.2 63.52 OK
r-devel-linux-x86_64-fedora-gcc 2.4.2 52.15 OK
r-devel-windows-ix86+x86_64 2.4.2 6.00 62.00 68.00 OK
r-devel-windows-x86_64-gcc10-UCRT 2.4.2 OK
r-patched-linux-x86_64 2.4.2 2.37 38.69 41.06 OK
r-patched-solaris-x86 2.4.2 78.90 OK
r-release-linux-x86_64 2.4.2 2.23 38.96 41.19 OK
r-release-macos-x86_64 2.4.2 OK
r-release-windows-ix86+x86_64 2.4.2 6.00 48.00 54.00 OK
r-oldrel-macos-x86_64 2.4.2 OK
r-oldrel-windows-ix86+x86_64 2.4.2 5.00 10.00 15.00 FAIL

Check Details

Version: 2.4.2
Check: loading without being on the library search path
Result: FAIL
Flavor: r-oldrel-windows-ix86+x86_64