Last updated on 2023-01-27 07:50:48 CET.
Flavor | Version | Tinstall | Tcheck | Ttotal | Status | Flags |
---|---|---|---|---|---|---|
r-devel-linux-x86_64-debian-clang | 1.0.5 | 256.57 | 291.11 | 547.68 | OK | |
r-devel-linux-x86_64-debian-gcc | 1.0.5 | 205.60 | 228.63 | 434.23 | OK | |
r-devel-linux-x86_64-fedora-clang | 1.0.5 | 765.50 | OK | |||
r-devel-linux-x86_64-fedora-gcc | 1.0.5 | 694.61 | OK | |||
r-patched-linux-x86_64 | 1.0.5 | 207.70 | 246.39 | 454.09 | OK | |
r-release-linux-x86_64 | 1.0.5 | 206.93 | 246.80 | 453.73 | OK | |
r-release-macos-arm64 | 1.0.5 | 173.00 | NOTE | |||
r-release-macos-x86_64 | 1.0.5 | 209.00 | NOTE | |||
r-release-windows-x86_64 | 1.0.5 | 192.00 | 280.00 | 472.00 | OK | |
r-oldrel-macos-arm64 | 1.0.5 | 155.00 | NOTE | |||
r-oldrel-macos-x86_64 | 1.0.5 | 208.00 | NOTE | |||
r-oldrel-windows-ix86+x86_64 | 1.0.5 | 621.00 | 391.00 | 1012.00 | OK |
Version: 1.0.5
Check: installed package size
Result: NOTE
installed size is 9.4Mb
sub-directories of 1Mb or more:
libs 8.6Mb
Flavors: r-release-macos-arm64, r-release-macos-x86_64, r-oldrel-macos-arm64, r-oldrel-macos-x86_64