CRAN Package Check Results for Package wordcloud

Last updated on 2022-09-26 06:51:27 CEST.

Flavor Version Tinstall Tcheck Ttotal Status Flags
r-devel-linux-x86_64-debian-clang 2.6 19.30 35.49 54.79 OK
r-devel-linux-x86_64-debian-gcc 2.6 13.04 27.75 40.79 OK
r-devel-linux-x86_64-fedora-clang 2.6 85.50 NOTE
r-devel-linux-x86_64-fedora-gcc 2.6 79.64 NOTE
r-devel-windows-x86_64 2.6 29.00 79.00 108.00 OK
r-patched-linux-x86_64 2.6 18.29 34.21 52.50 OK
r-release-linux-x86_64 2.6 15.85 34.85 50.70 OK
r-release-macos-arm64 2.6 26.00 NOTE
r-release-macos-x86_64 2.6 36.00 NOTE
r-release-windows-x86_64 2.6 24.00 84.00 108.00 OK
r-oldrel-macos-arm64 2.6 32.00 NOTE
r-oldrel-macos-x86_64 2.6 48.00 NOTE
r-oldrel-windows-ix86+x86_64 2.6 53.00 89.00 142.00 OK

Check Details

Version: 2.6
Check: data for non-ASCII characters
Result: NOTE
     Note: found 2 marked UTF-8 strings
Flavors: r-devel-linux-x86_64-fedora-clang, r-devel-linux-x86_64-fedora-gcc, r-release-macos-arm64, r-release-macos-x86_64, r-oldrel-macos-arm64, r-oldrel-macos-x86_64