CRAN Package Check Results for Package wordcloud2

Last updated on 2022-05-28 07:06:09 CEST.

Flavor Version Tinstall Tcheck Ttotal Status Flags
r-devel-linux-x86_64-debian-clang 0.2.1 3.38 41.65 45.03 OK
r-devel-linux-x86_64-debian-gcc 0.2.1 2.60 32.90 35.50 OK
r-devel-linux-x86_64-fedora-clang 0.2.1 54.48 NOTE
r-devel-linux-x86_64-fedora-gcc 0.2.1 43.25 NOTE
r-devel-windows-x86_64 0.2.1 25.00 63.00 88.00 OK
r-patched-linux-x86_64 0.2.1 2.85 41.37 44.22 OK
r-release-linux-x86_64 0.2.1 3.22 40.14 43.36 OK
r-release-macos-arm64 0.2.1 21.00 NOTE
r-release-macos-x86_64 0.2.1 28.00 NOTE
r-release-windows-x86_64 0.2.1 29.00 65.00 94.00 OK
r-oldrel-macos-arm64 0.2.1 42.00 NOTE
r-oldrel-macos-x86_64 0.2.1 29.00 NOTE
r-oldrel-windows-ix86+x86_64 0.2.1 8.00 54.00 62.00 OK

Check Details

Version: 0.2.1
Check: data for non-ASCII characters
Result: NOTE
     Note: found 933 marked UTF-8 strings
Flavors: r-devel-linux-x86_64-fedora-clang, r-devel-linux-x86_64-fedora-gcc, r-release-macos-arm64, r-release-macos-x86_64, r-oldrel-macos-arm64, r-oldrel-macos-x86_64