CRAN Package Check Results for Package wrProteo

Last updated on 2024-02-21 06:53:25 CET.

Flavor Version Tinstall Tcheck Ttotal Status Flags
r-devel-linux-x86_64-debian-clang 1.11.0.1 OK
r-devel-linux-x86_64-debian-gcc 1.11.0.1 16.67 168.08 184.75 OK
r-devel-linux-x86_64-fedora-clang 1.11.0.1 321.25 NOTE
r-devel-linux-x86_64-fedora-gcc 1.11.0.1 330.75 OK
r-devel-windows-x86_64 1.11.0.1 17.00 210.00 227.00 NOTE
r-patched-linux-x86_64 1.10.1 19.40 221.66 241.06 OK
r-release-linux-x86_64 1.11.0.1 15.14 227.85 242.99 OK
r-release-macos-arm64 1.11.0.1 86.00 NOTE
r-release-macos-x86_64 1.11.0.1 169.00 NOTE
r-release-windows-x86_64 1.11.0.1 23.00 239.00 262.00 NOTE
r-oldrel-macos-arm64 1.11.0.1 93.00 NOTE
r-oldrel-windows-x86_64 1.11.0.1 24.00 237.00 261.00 NOTE

Check Details

Version: 1.11.0.1
Check: installed package size
Result: NOTE installed size is 7.0Mb sub-directories of 1Mb or more: doc 3.5Mb extdata 2.5Mb Flavors: r-devel-linux-x86_64-fedora-clang, r-devel-windows-x86_64, r-release-macos-arm64, r-release-macos-x86_64, r-release-windows-x86_64, r-oldrel-macos-arm64, r-oldrel-windows-x86_64

Version: 1.11.0.1
Check: package dependencies
Result: NOTE Package suggested but not available for checking: ‘ROTS’ Flavors: r-release-macos-arm64, r-release-macos-x86_64, r-oldrel-macos-arm64