CRAN Package Check Results for Package wsrf

Last updated on 2021-01-18 06:46:52 CET.

Flavor Version Tinstall Tcheck Ttotal Status Flags
r-devel-linux-x86_64-debian-clang 1.7.17 91.17 41.04 132.21 OK
r-devel-linux-x86_64-debian-gcc 1.7.17 58.29 32.67 90.96 OK
r-devel-linux-x86_64-fedora-clang 1.7.17 199.28 NOTE
r-devel-linux-x86_64-fedora-gcc 1.7.17 176.32 OK
r-devel-windows-ix86+x86_64 1.7.17 160.00 94.00 254.00 OK
r-patched-linux-x86_64 1.7.17 71.40 39.24 110.64 OK
r-patched-solaris-x86 1.7.17 175.90 OK
r-release-linux-x86_64 1.7.17 69.56 39.39 108.95 OK
r-release-macos-x86_64 1.7.17 OK
r-release-windows-ix86+x86_64 1.7.17 179.00 85.00 264.00 OK
r-oldrel-macos-x86_64 1.7.17 OK
r-oldrel-windows-ix86+x86_64 1.7.17 193.00 75.00 268.00 OK

Check Details

Version: 1.7.17
Check: installed package size
Result: NOTE
     installed size is 5.3Mb
     sub-directories of 1Mb or more:
     libs 5.1Mb
Flavor: r-devel-linux-x86_64-fedora-clang