CRAN Package Check Results for Package xpose

Last updated on 2021-11-29 06:48:47 CET.

Flavor Version Tinstall Tcheck Ttotal Status Flags
r-devel-linux-x86_64-debian-clang 0.4.13 OK
r-devel-linux-x86_64-debian-gcc 0.4.13 10.78 175.81 186.59 OK
r-devel-linux-x86_64-fedora-clang 0.4.13 335.52 OK
r-devel-linux-x86_64-fedora-gcc 0.4.13 307.08 OK
r-devel-windows-x86_64-new-UL 0.4.13 40.00 344.00 384.00 OK
r-devel-windows-x86_64-new-TK 0.4.13 OK
r-devel-windows-x86_64-old 0.4.13 19.00 332.00 351.00 OK
r-patched-linux-x86_64 0.4.13 11.47 237.07 248.54 OK
r-patched-solaris-x86 0.4.13 305.70 NOTE
r-release-linux-x86_64 0.4.13 12.76 239.22 251.98 OK
r-release-macos-arm64 0.4.13 OK
r-release-macos-x86_64 0.4.13 OK
r-release-windows-ix86+x86_64 0.4.13 28.00 236.00 264.00 OK
r-oldrel-macos-x86_64 0.4.13 OK
r-oldrel-windows-ix86+x86_64 0.4.13 28.00 329.00 357.00 OK

Check Details

Version: 0.4.13
Check: installed package size
Result: NOTE
     installed size is 5.1Mb
     sub-directories of 1Mb or more:
     doc 2.9Mb
Flavor: r-patched-solaris-x86