CRAN Package Check Results for Package xsp

Last updated on 2024-04-17 07:02:47 CEST.

Flavor Version Tinstall Tcheck Ttotal Status Flags
r-devel-linux-x86_64-debian-clang 0.1.2 5.45 64.97 70.42 NOTE
r-devel-linux-x86_64-debian-gcc 0.1.2 4.63 47.31 51.94 NOTE
r-devel-linux-x86_64-fedora-clang 0.1.2 88.51 NOTE
r-devel-linux-x86_64-fedora-gcc 0.1.2 84.06 NOTE
r-prerel-macos-arm64 0.1.2 27.00 NOTE
r-prerel-windows-x86_64 0.1.2 6.00 65.00 71.00 NOTE
r-patched-linux-x86_64 0.1.2 5.51 62.62 68.13 NOTE
r-release-linux-x86_64 0.1.2 4.81 62.60 67.41 NOTE
r-release-macos-arm64 0.1.2 30.00 NOTE
r-release-macos-x86_64 0.1.2 44.00 NOTE
r-release-windows-x86_64 0.1.2 7.00 76.00 83.00 NOTE
r-oldrel-macos-arm64 0.1.2 27.00 NOTE
r-oldrel-windows-x86_64 0.1.2 9.00 78.00 87.00 NOTE

Check Details

Version: 0.1.2
Check: LazyData
Result: NOTE 'LazyData' is specified without a 'data' directory Flavors: r-devel-linux-x86_64-debian-clang, r-devel-linux-x86_64-debian-gcc, r-devel-linux-x86_64-fedora-clang, r-devel-linux-x86_64-fedora-gcc, r-prerel-macos-arm64, r-prerel-windows-x86_64, r-patched-linux-x86_64, r-release-linux-x86_64, r-release-macos-arm64, r-release-macos-x86_64, r-release-windows-x86_64, r-oldrel-macos-arm64, r-oldrel-windows-x86_64