CRAN Package Check Results for Package xtable

Last updated on 2020-11-25 06:46:57 CET.

Flavor Version Tinstall Tcheck Ttotal Status Flags
r-devel-linux-x86_64-debian-clang 1.8-4 4.45 62.76 67.21 NOTE
r-devel-linux-x86_64-debian-gcc 1.8-4 2.31 51.48 53.79 NOTE
r-devel-linux-x86_64-fedora-clang 1.8-4 89.50 NOTE
r-devel-linux-x86_64-fedora-gcc 1.8-4 77.85 NOTE
r-devel-windows-ix86+x86_64 1.8-4 10.00 96.00 106.00 OK
r-patched-linux-x86_64 1.8-4 4.34 64.93 69.27 NOTE
r-patched-solaris-x86 1.8-4 108.50 NOTE
r-release-linux-x86_64 1.8-4 2.61 65.66 68.27 NOTE
r-release-macos-x86_64 1.8-4 OK
r-release-windows-ix86+x86_64 1.8-4 8.00 107.00 115.00 OK
r-oldrel-macos-x86_64 1.8-4 OK
r-oldrel-windows-ix86+x86_64 1.8-4 6.00 109.00 115.00 OK

Check Details

Version: 1.8-4
Check: for non-standard things in the check directory
Result: NOTE
    Found the following files/directories:
     'xtable.html' 'xtable.tex'
Flavors: r-devel-linux-x86_64-debian-clang, r-devel-linux-x86_64-debian-gcc, r-devel-linux-x86_64-fedora-clang, r-devel-linux-x86_64-fedora-gcc, r-patched-linux-x86_64, r-patched-solaris-x86, r-release-linux-x86_64