Last updated on 2023-12-08 06:51:22 CET.
Flavor | Version | Tinstall | Tcheck | Ttotal | Status | Flags |
---|---|---|---|---|---|---|
r-devel-linux-x86_64-debian-clang | 2.3.7 | 11.55 | 21.99 | 33.54 | WARN | |
r-devel-linux-x86_64-debian-gcc | 2.3.7 | 8.62 | 17.37 | 25.99 | OK | |
r-devel-linux-x86_64-fedora-clang | 2.3.7 | 44.95 | WARN | |||
r-devel-linux-x86_64-fedora-gcc | 2.3.7 | 44.83 | OK | |||
r-devel-windows-x86_64 | 2.3.7 | 17.00 | 42.00 | 59.00 | OK | |
r-patched-linux-x86_64 | 2.3.7 | 10.61 | 21.95 | 32.56 | OK | |
r-release-linux-x86_64 | 2.3.7 | 10.40 | 22.04 | 32.44 | OK | |
r-release-macos-arm64 | 2.3.7 | 21.00 | OK | |||
r-release-macos-x86_64 | 2.3.7 | 28.00 | OK | |||
r-release-windows-x86_64 | 2.3.7 | 15.00 | 45.00 | 60.00 | OK | |
r-oldrel-macos-arm64 | 2.3.7 | 23.00 | OK | |||
r-oldrel-macos-x86_64 | 2.3.7 | 42.00 | OK | |||
r-oldrel-windows-x86_64 | 2.3.7 | 18.00 | 47.00 | 65.00 | OK |
Version: 2.3.7
Check: whether package can be installed
Result: WARN
Found the following significant warnings:
r_emit.c:957:11: warning: format string is not a string literal (potentially insecure) [-Wformat-security]
r_parse.c:1343:11: warning: format string is not a string literal (potentially insecure) [-Wformat-security]
See ‘/home/hornik/tmp/R.check/r-devel-clang/Work/PKGS/yaml.Rcheck/00install.out’ for details.
* used C compiler: ‘Debian clang version 17.0.5 (1)’
Flavor: r-devel-linux-x86_64-debian-clang
Version: 2.3.7
Check: whether package can be installed
Result: WARN
Found the following significant warnings:
r_emit.c:957:11: warning: format string is not a string literal (potentially insecure) [-Wformat-security]
r_parse.c:1343:11: warning: format string is not a string literal (potentially insecure) [-Wformat-security]
See ‘/data/gannet/ripley/R/packages/tests-clang/yaml.Rcheck/00install.out’ for details.
* used C compiler: ‘clang version 17.0.5’
Flavor: r-devel-linux-x86_64-fedora-clang