CRAN Package Check Results for Package yaps

Last updated on 2021-06-13 06:50:08 CEST.

Flavor Version Tinstall Tcheck Ttotal Status Flags
r-devel-linux-x86_64-debian-clang 1.2.5 101.82 198.05 299.87 OK
r-devel-linux-x86_64-debian-gcc 1.2.5 62.21 137.66 199.87 OK
r-devel-linux-x86_64-fedora-clang 1.2.5 259.96 NOTE
r-devel-linux-x86_64-fedora-gcc 1.2.5 243.92 OK
r-devel-windows-x86_64 1.2.5 80.00 285.00 365.00 NOTE
r-devel-windows-x86_64-gcc10-UCRT 1.2.5 NOTE
r-patched-linux-x86_64 1.2.5 65.54 189.77 255.31 OK
r-patched-solaris-x86 1.2.5 420.10 OK
r-release-linux-x86_64 1.2.5 59.52 190.28 249.80 OK
r-release-macos-arm64 1.2.5 NOTE
r-release-macos-x86_64 1.2.5 NOTE
r-release-windows-ix86+x86_64 1.2.5 142.00 502.00 644.00 NOTE
r-oldrel-macos-x86_64 1.2.5 NOTE
r-oldrel-windows-ix86+x86_64 1.2.5 141.00 520.00 661.00 NOTE

Check Details

Version: 1.2.5
Check: installed package size
Result: NOTE
     installed size is 14.7Mb
     sub-directories of 1Mb or more:
     libs 12.7Mb
Flavors: r-devel-linux-x86_64-fedora-clang, r-devel-windows-x86_64, r-release-macos-arm64, r-release-macos-x86_64, r-release-windows-ix86+x86_64, r-oldrel-macos-x86_64, r-oldrel-windows-ix86+x86_64

Version: 1.2.5
Check: package dependencies
Result: NOTE
    Package suggested but not available for checking: 'vdiffr'
Flavor: r-devel-windows-x86_64-gcc10-UCRT