CRAN Package Check Results for Package youtubecaption

Last updated on 2023-03-24 05:52:30 CET.

Flavor Version Tinstall Tcheck Ttotal Status Flags
r-devel-linux-x86_64-debian-clang 1.0.0 4.02 40.94 44.96 NOTE
r-devel-linux-x86_64-debian-gcc 1.0.0 3.26 31.36 34.62 NOTE
r-devel-linux-x86_64-fedora-clang 1.0.0 57.06 NOTE
r-devel-linux-x86_64-fedora-gcc 1.0.0 65.12 NOTE
r-patched-linux-x86_64 1.0.0 3.81 40.78 44.59 NOTE
r-release-linux-x86_64 1.0.0 3.73 40.80 44.53 NOTE
r-release-macos-arm64 1.0.0 26.00 NOTE
r-release-macos-x86_64 1.0.0 50.00 NOTE
r-release-windows-x86_64 1.0.0 38.00 72.00 110.00 NOTE
r-oldrel-macos-arm64 1.0.0 25.00 NOTE
r-oldrel-macos-x86_64 1.0.0 42.00 NOTE
r-oldrel-windows-ix86+x86_64 1.0.0 10.00 68.00 78.00 NOTE

Additional issues

donttest

Check Details

Version: 1.0.0
Check: LazyData
Result: NOTE
     'LazyData' is specified without a 'data' directory
Flavors: r-devel-linux-x86_64-debian-clang, r-devel-linux-x86_64-debian-gcc, r-devel-linux-x86_64-fedora-clang, r-devel-linux-x86_64-fedora-gcc, r-patched-linux-x86_64, r-release-linux-x86_64, r-release-macos-arm64, r-release-macos-x86_64, r-release-windows-x86_64, r-oldrel-macos-arm64, r-oldrel-macos-x86_64, r-oldrel-windows-ix86+x86_64