Last updated on 2023-04-01 07:10:55 CEST.
Flavor | Version | Tinstall | Tcheck | Ttotal | Status | Flags |
---|---|---|---|---|---|---|
r-devel-linux-x86_64-debian-clang | 0.2.3 | 11.72 | 91.24 | 102.96 | OK | |
r-devel-linux-x86_64-debian-gcc | 0.2.3 | 10.10 | 81.72 | 91.82 | OK | |
r-devel-linux-x86_64-fedora-clang | 0.2.3 | 173.39 | OK | |||
r-devel-linux-x86_64-fedora-gcc | 0.2.3 | 170.84 | OK | |||
r-patched-linux-x86_64 | 0.2.3 | 13.64 | 88.06 | 101.70 | OK | |
r-release-linux-x86_64 | 0.2.3 | 10.17 | 84.70 | 94.87 | OK | |
r-release-macos-arm64 | 0.2.3 | 39.00 | OK | |||
r-release-macos-x86_64 | 0.2.3 | 57.00 | OK | |||
r-release-windows-x86_64 | 0.2.3 | 34.00 | 186.00 | 220.00 | OK | |
r-oldrel-macos-arm64 | 0.2.3 | 39.00 | OK | |||
r-oldrel-macos-x86_64 | 0.2.3 | 53.00 | OK | |||
r-oldrel-windows-ix86+x86_64 | 0.2.3 | 26.00 | 145.00 | 171.00 | NOTE |
Version: 0.2.3
Check: R code for possible problems
Result: NOTE
Initiating curl with CURL_SSL_BACKEND: openssl
Flavor: r-oldrel-windows-ix86+x86_64